{"id":139,"date":"2025-07-26T23:31:16","date_gmt":"2025-07-26T23:31:16","guid":{"rendered":"https:\/\/www.delphimasters.com.br\/loja\/?post_type=product&#038;p=139"},"modified":"2025-08-04T17:31:37","modified_gmt":"2025-08-04T17:31:37","slug":"curso-preparatorio-para-prova-de-certificacao-delphi-developer","status":"publish","type":"product","link":"https:\/\/www.delphimasters.com.br\/loja\/produto\/curso-preparatorio-para-prova-de-certificacao-delphi-developer\/","title":{"rendered":"Curso Preparat\u00f3rio para Prova de Certifica\u00e7\u00e3o Delphi Developer"},"content":{"rendered":"<p>Curso Preparat\u00f3rio para Certifica\u00e7\u00e3o Delphi Developer<br \/>\nPrepare-se para conquistar sua certifica\u00e7\u00e3o oficial com confian\u00e7a e seguran\u00e7a!<\/p>\n<p>Este curso \u00e9 voltado para desenvolvedores que desejam se preparar para a prova de certifica\u00e7\u00e3o Delphi Developer da Embarcadero. Reunimos todo o conte\u00fado essencial, com foco nas principais classes, padr\u00f5es, estruturas e boas pr\u00e1ticas exigidas no exame.<\/p>\n<p>&#8211; 12 Aulas 100% online<br \/>\n&#8211; Acesso imediato \u00e0s aulas j\u00e1 dispon\u00edveis<br \/>\n&#8211; Material did\u00e1tico complementar<br \/>\n&#8211; Dicas, exemplos pr\u00e1ticos e quest\u00f5es no estilo da prova<br \/>\n&#8211; Acesso Vital\u00edcio \u00e0 plataforma<\/p>\n<p>&#8211; Indicado para:<br \/>\nDesenvolvedores Delphi iniciantes, intermedi\u00e1rios ou experientes que desejam validar seus conhecimentos e conquistar a certifica\u00e7\u00e3o oficial.<\/p>\n<p>&#8211; Conte\u00fado baseado no guia oficial da certifica\u00e7\u00e3o da Embarcadero, dividido por t\u00f3picos:<\/p>\n<p>Classes e Objetos<\/p>\n<p>Interfaces<\/p>\n<p>Tipos de Dados<\/p>\n<p>Rotinas padr\u00e3o e I\/O<\/p>\n<p>Heran\u00e7a e Polimorfismo<\/p>\n<p>Exce\u00e7\u00f5es e Assertions e outros&#8230;<\/p>\n<p>Acesso a simulados, materiais extras, etc.<\/p>\n","protected":false},"excerpt":{"rendered":"<p>Curso Preparat\u00f3rio para Certifica\u00e7\u00e3o Delphi Developer<br \/>\nPrepare-se para conquistar sua certifica\u00e7\u00e3o oficial com confian\u00e7a e seguran\u00e7a!<\/p>\n<p><a href=\"https:\/\/go.hotmart.com\/R101040164G\">Clique Aqui para Comprar<\/a><\/p>\n","protected":false},"featured_media":140,"comment_status":"open","ping_status":"closed","template":"","meta":[],"product_brand":[20],"product_cat":[19],"product_tag":[],"class_list":{"0":"post-139","1":"product","2":"type-product","3":"status-publish","4":"has-post-thumbnail","6":"product_brand-delphimasters","7":"product_cat-cursos","9":"first","10":"instock","11":"sale","12":"purchasable","13":"product-type-simple"},"_links":{"self":[{"href":"https:\/\/www.delphimasters.com.br\/loja\/wp-json\/wp\/v2\/product\/139","targetHints":{"allow":["GET"]}}],"collection":[{"href":"https:\/\/www.delphimasters.com.br\/loja\/wp-json\/wp\/v2\/product"}],"about":[{"href":"https:\/\/www.delphimasters.com.br\/loja\/wp-json\/wp\/v2\/types\/product"}],"replies":[{"embeddable":true,"href":"https:\/\/www.delphimasters.com.br\/loja\/wp-json\/wp\/v2\/comments?post=139"}],"wp:featuredmedia":[{"embeddable":true,"href":"https:\/\/www.delphimasters.com.br\/loja\/wp-json\/wp\/v2\/media\/140"}],"wp:attachment":[{"href":"https:\/\/www.delphimasters.com.br\/loja\/wp-json\/wp\/v2\/media?parent=139"}],"wp:term":[{"taxonomy":"product_brand","embeddable":true,"href":"https:\/\/www.delphimasters.com.br\/loja\/wp-json\/wp\/v2\/product_brand?post=139"},{"taxonomy":"product_cat","embeddable":true,"href":"https:\/\/www.delphimasters.com.br\/loja\/wp-json\/wp\/v2\/product_cat?post=139"},{"taxonomy":"product_tag","embeddable":true,"href":"https:\/\/www.delphimasters.com.br\/loja\/wp-json\/wp\/v2\/product_tag?post=139"}],"curies":[{"name":"wp","href":"https:\/\/api.w.org\/{rel}","templated":true}]}}